What is the remainder when 1210621 is divided by 10907?
10851
Calculate the remainder when 1563012 is divided by 78145.
112
What is the remainder when 2400579 is divided by 342938?
13
What is the remainder when 4992886 is divided by 55?
41
What is the remainder when 955336 is divided by 10?
6
What is the remainder when 96721996 is divided by 291?
289
What is the remainder when 19672155 is divided by 99?
63
What is the remainder when 101147 is divided by 33511?
614
What is the remainder when 140098 is divided by 10373?
5249
What is the remainder when 2444313 is divided by 136?
121
Calculate the remainder when 46966 is divided by 15370.
856
Calculate the remainder when 195747 is divided by 32190.
2607
What is the remainder when 1934456 is divided by 494?
446
Calculate the remainder when 356456526 is divided by 17.
16
What is the remainder when 3790535 is divided by 85?
45
Calculate the remainder when 1192060 is divided by 87.
73
Calculate the remainder when 18879138 is divided by 4928.
4898
Calculate the remainder when 968103 is divided by 1018.
1003
What is the remainder when 6957274 is divided by 2751?
2746
What is the remainder when 13387 is divided by 12222?
1165
Calculate the remainder when 58253 is divided by 1101.
1001
What is the remainder when 28416 is divided by 1207?
655
Calculate the remainder when 128302 is divided by 127996.
306
Calculate the remainder when 6832 is divided by 1320.
232
What is the remainder when 223308 is divided by 2656?
204
What is the remainder when 21961 is divided by 4376?
81
What is the remainder when 1837053 is divided by 612350?
3
Calculate the remainder when 5834048 is divided by 10.
8
What is the remainder when 247242 is divided by 244947?
2295
What is the remainder when 405669 is divided by 202775?
119
Calculate the remainder when 311397 is divided by 467.
375
What is the remainder when 318957 is divided by 159412?
133
Calculate the remainder when 1358052 is divided by 2577.
2550
What is the remainder when 4142658 is divided by 1380886?
0
What is the remainder when 70085433 is divided by 301?
292
What is the remainder when 15155 is divided by 13834?
1321
What is the remainder when 197523 is divided by 300?
123
What is the remainder when 93560 is divided by 304?
232
What is the remainder when 1772504 is divided by 713?
699
What is the remainder when 127571 is divided by 11584?
147
What is the remainder when 135596 is divided by 585?
461
Calculate the remainder when 753136 is divided by 702.
592
Calculate the remainder when 182023 is divided by 181917.
106
Calculate the remainder when 1805637 is divided by 902095.
1447
What is the remainder when 1469922 is divided by 52492?
146
Calculate the remainder when 2521390 is divided by 4147.
14
Calculate the remainder when 590084 is divided by 6329.
1487
What is the remainder when 122031 is divided by 9610?
6711
Calculate the remainder when 256683248 is divided by 7.
3
Calculate the remainder when 13183168 is divided by 165.
163
Calculate the remainder when 6563966 is divided by 1925.
1641
What is the remainder when 4408768 is divided by 20?
8
What is the remainder when 9359167 is divided by 4679561?
45
What is the remainder when 408799 is divided by 136262?
13
What is the remainder when 848247 is divided by 32621?
101
What is the remainder when 46453284 is divided by 6395?
4
Calculate the remainder when 9481849 is divided by 677265.
139
What is the remainder when 8998221 is divided by 562384?
77
Calculate the remainder when 348332 is divided by 349.
30
What is the remainder when 150064638 is divided by 160?
158
Calculate the remainder when 66252 is divided by 992.
780
What is the remainder when 13761 is divided by 6837?
87
Calculate the remainder when 3789687 is divided by 421066.
93
What is the remainder when 397990 is divided by 198588?
814
Calculate the remainder when 60907582 is divided by 12362.
8
What is the remainder when 2463929 is divided by 48?
41
What is the remainder when 45886 is divided by 1563?
559
What is the remainder when 11448 is divided by 1521?
801
Calculate the remainder when 5699701 is divided by 1995.
1981
Calculate the remainder when 41537 is divided by 585.
2
Calculate the remainder when 11128345 is divided by 182.
137
Calculate the remainder when 17253144 is divided by 415.
349
What is the remainder when 149698 is divided by 74310?
1078
Calculate the remainder when 651605 is divided by 535.
510
What is the remainder when 13002280 is divided by 763?
760
What is the remainder when 407008 is divided by 191?
178
Calculate the remainder when 8848691 is divided by 144.
35
What is the remainder when 2649123 is divided by 1324534?
55
What is the remainder when 1755383 is divided by 135029?
6
What is the remainder when 93673 is divided by 18675?
298
What is the remainder when 1324497 is divided by 77898?
231
What is the remainder when 2154186 is divided by 137?
135
What is the remainder when 978675 is divided by 22239?
159
Calculate the remainder when 43427436 is divided by 14.
10
Calculate the remainder when 1589992632 is divided by 53.
52
What is the remainder when 589335 is divided by 3387?
3384
What is the remainder when 334589919 is divided by 1202?
1199
Calculate the remainder when 4347900 is divided by 41.
14
Calculate the remainder when 366241 is divided by 14085.
31
Calculate the remainder when 184211 is divided by 258.
257
Calculate the remainder when 460467 is divided by 3510.
657
Calculate the remainder when 2837767 is divided by 141888.
7
What is the remainder when 34915 is divided by 34697?
218
What is the remainder when 3007566 is divided by 27?
9
What is the remainder when 12521510 is divided by 44560?
150
Calculate the remainder when 7501186 is divided by 79799.
80
Calculate the remainder when 269083470 is divided by 16.
14
What is the remainder when 18029 is divided by 17604?
425
What is the remainder when 56510 is divided by 10522?
3900
Calculate the remainder when 190270 is divided by 1982.
1980
What is the remainder when 35607 is divided by 37?
13
Calculate the remainder when 508216 is divided by 1711.
49
Calculate the remainder when 182848 is divided by 60845.
313
Calculate the remainder when 63542733 is divided by 1224.
1221
What is the remainder when 5152666 is divided by 23?
22
What is the remainder when 9445976 is divided by 12?
8
What is the remainder when 20303 is divided by 2880?
143
Calculate the remainder when 1038261 is divided by 18996.
12477
What is the remainder when 3328023 is divided by 53?
47
What is the remainder when 90173 is divided by 2778?
1277
Calculate the remainder when 116319 is divided by 29055.
99
Calculate the remainder when 59783 is divided by 5139.
3254
Calculate the remainder when 378643 is divided by 113.
93
What is the remainder when 84359 is divided by 6?
5
Calculate the remainder when 362410 is divided by 664.
530
What is the remainder when 1011045 is divided by 1235?
815
Calculate the remainder when 22137 is divided by 610.
177
What is the remainder when 502138 is divided by 3025?
3013
Calculate the remainder when 10954 is divided by 258.
118
What is the remainder when 687451812 is divided by 2023?
2021
Calculate the remainder when 1665208 is divided by 56.
48
Calculate the remainder when 2803316 is divided by 518.
418
Calculate the remainder when 6733545 is divided by 65.
0
What is the remainder when 160163494 is divided by 12?
10
What is the remainder when 247030958 is divided by 82343651?
5
What is the remainder when 656793 is divided by 656782?
11
What is the remainder when 11849505 is divided by 3655?
3650
Calculate the remainder when 1149046 is divided by 483.
472
Calculate the remainder when 1836771 is divided by 229595.
11
Calculate the remainder when 1772476 is divided by 3338.
3336
What is the remainder when 19540189 is divided by 2930?
19
Calculate the remainder when 3494806 is divided by 215.
196
Calculate the remainder when 6784773 is divided by 18.
15
Calculate the remainder when 374450 is divided by 187218.
14
Calculate the remainder when 12064591 is divided by 4971.
4945
What is the remainder when 11075081 is divided by 64?
9
Calculate the remainder when 219130 is divided by 3750.
1630
Calculate the remainder when 5780474 is divided by 52.
50
What is the remainder whe